{"version":"1.0","provider_name":"T\u0171var\u00e1zslat","provider_url":"https:\/\/tvzs.cafeblog.hu","author_name":"Te\u00e9si-Vass Zsuzsanna","author_url":"https:\/\/tvzs.cafeblog.hu\/author\/teesi-vass_zsuzsanna\/","title":"S\u00e1ris\u00e1p","html":"Kital\u00e1ltuk, megbesz\u00e9lt\u00fck, volt aki seg\u00edtett a szervez\u00e9sben nem is keveset...\r\n\r\nElj\u00f6tt a nap, becuccoltam az aut\u00f3ba, nagyk\u00e9p\u0171en azt gondoltam \u00e9n azt\u00e1n mindent \u00f6sszek\u00e9sz\u00edtettem, semmi nem fog itthon maradni.... Kereszt\u00fclv\u00e1gtam hegyen v\u00f6lgy\u00f6n, elmentem oda , ahol eddig \u00e9n m\u00e9g sosem j\u00e1rtam, pedig csak h\u00e1rom hat\u00e1rnyira van innen.\r\n\r\n\u00datk\u00f6zben meg\u00e1llap\u00edtottam, hogy majd visszafel\u00e9 vigy\u00e1znom kell az erd\u0151ben, nehogy \u00f6ssze\u00fctk\u00f6z\u00e9sbe ker\u00fcljek egy ott lak\u00f3val, kicsit elt\u00e1jol\u00f3dott a hatodik \u00e9rz\u00e9kem ahogy este kider\u00fclt...\r\n\r\nA termet berendezt\u00fck, hogy egy kupacban \u00fclve dolgozhassunk, mindenki l\u00e1thasson mindenkit, \u00e9s v\u00e1rtuk a T\u00f6bbieket. Sz\u00e9p lassan befutottak, megismerkedt\u00fcnk, \u00e9s belev\u00e1gtunk.\u00a0Ki k\u00e9zzel, ki g\u00e9ppel, teljesen el\u00f6lr\u0151l hogy mindenki mindent megtanulhasson.\r\n\r\nElmes\u00e9ltem, hogyan v\u00e1gunk sz\u00e1lban, hogyan a k\u00f6rk\u00e9ssel, hogy haszn\u00e1ljuk a vonalz\u00f3t, a hozott anyagokb\u00f3l kiv\u00e1lasztottuk melyikb\u0151l lehet\u00a0foltozni, \u00e9s melyikb\u0151l \u00e9rdemes valami m\u00e1s technik\u00e1val k\u00e9sz\u00edteni valamit.\r\n\r\nMegismerkedt\u00fcnk Marcsi varr\u00f3g\u00e9p\u00e9vel, az eny\u00e9mmel nem olyan m\u00e9lyen, hisz az \u00e1ramszed\u0151 zsin\u00f3r \u00e9s a tapos\u00f3 az bizony otthon maradt... :)\r\n\r\nMegtanultunk v\u00e1gni, illeszteni, vasalni, ragasztani meg azt is mikor kell kibontani, ha v\u00e9gre siker\u00fclt \u00f6sszevarrni. Kider\u00fclt, hogy \u00a0amikor a k\u00e9t anyag elcs\u00faszik egym\u00e1son, \u00e9s a varr\u00e1ssz\u00e9less\u00e9g nem egyforma, akkor a sz\u00e9lesebb\u0151l le kell v\u00e1gni, majd egyforma lesz azonnal...\u00a0:) J\u00f3t nevett\u00fcnk - ugye hogy\u00a0t\u00f6bb fajta megold\u00e1s l\u00e9tezik egy probl\u00e9m\u00e1ra?\r\n\r\nK\u00f6zben befutottak p\u00e1ran a horgol\u00f3sok k\u00f6z\u00fcl k\u00edv\u00e1ncsiskodni kicsit, lesz majd aki legk\u00f6zelebb m\u00e1r hozz\u00e1nk is elj\u00f6n.\r\n\r\nVolt, aki most varrt el\u0151sz\u00f6r, j\u00f3 volt l\u00e1tni mennyire \u00e9lvezi... volt akinek szakm\u00e1ja a varr\u00e1s, m\u00e9gis hallott \u00faj dolgokat. Maradt gyakorolni val\u00f3 otthonra is megbesz\u00e9lt\u00fck, hogy legk\u00f6zelebb k\u00e9zzel varrunk.\r\n\r\nNagyon beesteledett k\u00f6zben, v\u00e9get \u00e9rt a m\u00f3ka.\r\n\r\nHazafel\u00e9 az erd\u0151ben figyeltem is nagyon, nehogy... de tudt\u00e1k hogy j\u00f6v\u00f6k, \u00fagyhogy ink\u00e1bb nem j\u00e1rtak arra... M\u00e1r hazasz\u00f3ltam a f\u00e9rjemnek hogy j\u00f6v\u00f6k, nyisson kaput, amikor a h\u00e1zunkt\u00f3l p\u00e1r sz\u00e1z m\u00e9terre a reflektor f\u00e9ny\u00e9ben r\u00e1m csod\u00e1lkozott a sete-suta. Meg\u00e1llt az \u00fat k\u00f6zep\u00e9n \u00e9s kipr\u00f3b\u00e1lta tudom-e, mit kell ilyenkor tenni a j\u00f3l felfogott \u00e9rdek\u00fcnkben....\r\n\r\nTudtam, \u00fagyhogy nem lett rossz v\u00e9ge ennek a j\u00f3 kis napnak. J\u00f3 volt\u00a0Veletek S\u00e1ris\u00e1pon :)\r\n<p style=\"text-align: center\"><a href=\"https:\/\/tvzs.cafeblog.hu\/files\/2014\/10\/ozike02.png\"><img class=\"alignnone size-medium wp-image-3437\" src=\"https:\/\/tvzs.cafeblog.hu\/files\/2014\/10\/ozike02-300x187.png\" alt=\"ozike02\" width=\"300\" height=\"187\" \/><\/a><\/p>\r\n&nbsp;","type":"rich","thumbnail_url":"https:\/\/tvzs.cafeblog.hu\/files\/2014\/10\/blogbabe1-150x150.jpg","thumbnail_width":150,"thumbnail_height":150}

Tűvarázslat

Teési-Vass Zsuzsanna

Sárisáp

Kitaláltuk, megbeszéltük, volt aki segített a szervezésben nem is keveset...

Eljött a nap, becuccoltam az autóba, nagyképűen azt gondoltam én aztán mindent összekészítettem, semmi nem fog itthon maradni.... Keresztülvágtam hegyen völgyön, elmentem oda , ahol eddig én még sosem jártam, pedig csak három határnyira van innen.

Útközben megállapítottam, hogy majd visszafelé vigyáznom kell az erdőben, nehogy összeütközésbe kerüljek egy ott lakóval, kicsit eltájolódott a hatodik érzékem ahogy este kiderült...

A termet berendeztük, hogy egy kupacban ülve dolgozhassunk, mindenki láthasson mindenkit, és vártuk a Többieket. Szép lassan befutottak, megismerkedtünk, és belevágtunk. Ki kézzel, ki géppel, teljesen elölről hogy mindenki mindent megtanulhasson.

Elmeséltem, hogyan vágunk szálban, hogyan a körkéssel, hogy használjuk a vonalzót, a hozott anyagokból kiválasztottuk melyikből lehet foltozni, és melyikből érdemes valami más technikával készíteni valamit.

Megismerkedtünk Marcsi varrógépével, az enyémmel nem olyan mélyen, hisz az áramszedő zsinór és a taposó az bizony otthon maradt... :)

Megtanultunk vágni, illeszteni, vasalni, ragasztani meg azt is mikor kell kibontani, ha végre sikerült összevarrni. Kiderült, hogy  amikor a két anyag elcsúszik egymáson, és a varrásszélesség nem egyforma, akkor a szélesebből le kell vágni, majd egyforma lesz azonnal... :) Jót nevettünk - ugye hogy több fajta megoldás létezik egy problémára?

Közben befutottak páran a horgolósok közül kíváncsiskodni kicsit, lesz majd aki legközelebb már hozzánk is eljön.

Volt, aki most varrt először, jó volt látni mennyire élvezi... volt akinek szakmája a varrás, mégis hallott új dolgokat. Maradt gyakorolni való otthonra is megbeszéltük, hogy legközelebb kézzel varrunk.

Nagyon beesteledett közben, véget ért a móka.

Hazafelé az erdőben figyeltem is nagyon, nehogy... de tudták hogy jövök, úgyhogy inkább nem jártak arra... Már hazaszóltam a férjemnek hogy jövök, nyisson kaput, amikor a házunktól pár száz méterre a reflektor fényében rám csodálkozott a sete-suta. Megállt az út közepén és kipróbálta tudom-e, mit kell ilyenkor tenni a jól felfogott érdekünkben....

Tudtam, úgyhogy nem lett rossz vége ennek a jó kis napnak. Jó volt Veletek Sárisápon :)
<p style="text-align: center"><a href="https://tvzs.cafeblog.hu/files/2014/10/ozike02.png"><img class="alignnone size-medium wp-image-3437" src="https://tvzs.cafeblog.hu/files/2014/10/ozike02-300x187.png" alt="ozike02" width="300" height="187" /></a></p>
&nbsp;
