{"version":"1.0","provider_name":"T\u0171var\u00e1zslat","provider_url":"https:\/\/tvzs.cafeblog.hu","author_name":"Te\u00e9si-Vass Zsuzsanna","author_url":"https:\/\/tvzs.cafeblog.hu\/author\/teesi-vass_zsuzsanna\/","title":"A l\u00f3nak is kell egy...","html":"<div>\u00a0<\/div>\r\n<p style=\"text-align: center\"><a href=\"https:\/\/tvzs.cafeblog.hu\/files\/2014\/02\/l\u00f3.jpg\"><img class=\"alignnone wp-image-2705 size-full\" src=\"https:\/\/tvzs.cafeblog.hu\/files\/2014\/02\/l\u00f3.jpg\" alt=\"l\u00f3\" width=\"400\" height=\"182\" \/><\/a><\/p>\r\n<p style=\"text-align: center\">A legnagyobb kih\u00edv\u00e1s mindig abban van, amit az ember m\u00e9g nem csin\u00e1lt. Persze az mindegy, hogy amit varrunk az milyen alak\u00fa, vagy mi a funkci\u00f3ja, de az elk\u00e9sz\u00edt\u00e9se m\u00e9gis sokszor speci\u00e1lis kell, hogy legyen.<br \/> \u00cdgy voltam ezzel a l\u00f3takar\u00f3val is, a vatelin ugye nem el\u00e9g b\u00e9l\u00e9snek, mert hamar lelapul, nincs el\u00e9g j\u00f3 tart\u00e1sa. Ezt a probl\u00e9m\u00e1t hamar kil\u0151ttem, hisz nem sokkal a megrendel\u00e9s el\u0151tt kaptam egy gyapj\u00fa der\u00e9kaljat, amit sz\u00e9tszedhettem erre a c\u00e9lra.<\/p>\r\n<p style=\"text-align: center\"><a href=\"https:\/\/tvzs.cafeblog.hu\/files\/2014\/02\/l\u00f32.jpg\"><img class=\"alignnone wp-image-2707 size-full\" src=\"https:\/\/tvzs.cafeblog.hu\/files\/2014\/02\/l\u00f32.jpg\" alt=\"l\u00f32\" width=\"400\" height=\"268\" \/><\/a><\/p>\r\n<p style=\"text-align: center\">A fel\u00fclet\u00e9nek er\u0151snek kell lenni, hogy b\u00edrja a megpr\u00f3b\u00e1ltat\u00e1sokat, na \u00e9s k\u00e9knek, mert ennek a l\u00f3nak k\u00e9kek a sz\u00ednei. Ez is egyszer\u0171, hisz ami er\u0151s \u00e9s k\u00e9k is, az a farmeranyag. A h\u00e1tlaphoz sem j\u00f3 a szokv\u00e1nyos v\u00e9kony v\u00e1szon, mert az hamar kikopik, a l\u00f3sz\u0151rt\u0151l. Erre tal\u00e1ltam olyan er\u0151s v\u00e1sznat, amit a k\u00e1rpitosok haszn\u00e1lnak h\u00e1tlapoz\u00e1shoz. Mire id\u00e1ig eljutottam, m\u00e1r sejtettem, hogy probl\u00e9m\u00e1k lesznek az \u00f6ssze\u00e1ll\u00edt\u00e1sakor a vastags\u00e1ga miatt.<\/p>\r\n<p style=\"text-align: center\"><a href=\"https:\/\/tvzs.cafeblog.hu\/files\/2014\/02\/l\u00f34.jpg\"><img class=\"alignnone wp-image-2709 size-full\" src=\"https:\/\/tvzs.cafeblog.hu\/files\/2014\/02\/l\u00f34.jpg\" alt=\"l\u00f34\" width=\"400\" height=\"292\" \/><\/a><\/p>\r\n<div>\u00a0<\/div>\r\n<p style=\"text-align: center\">Az \u00edvelt forma kialak\u00edt\u00e1sa pap\u00edrra varrva k\u00f6nnyebben ment, mint gondoltam. Miut\u00e1n a form\u00e1ja kialakult h\u00e1tulr\u00f3l ragaszt\u00f3s v\u00e1szonnal er\u0151s\u00edtettem meg. A farmer anyag \u00e9s a bord\u0171r k\u00f6z\u00e9 term\u00e9szetesen k\u00e9der is ker\u00fclt, egy nagy mint\u00e1s anyagb\u00f3l, hogy sz\u00e9p sz\u00ednes legyen.<\/p>\r\n<p style=\"text-align: center\"><a href=\"https:\/\/tvzs.cafeblog.hu\/files\/2014\/02\/l\u00f31.jpg\"><img class=\"alignnone wp-image-2706 size-full\" src=\"https:\/\/tvzs.cafeblog.hu\/files\/2014\/02\/l\u00f31.jpg\" alt=\"l\u00f31\" width=\"400\" height=\"282\" \/><\/a><\/p>\r\n<p style=\"text-align: center\">A steppel\u00e9sben j\u00f3 haszn\u00e1t vettem a fels\u0151 anyagtov\u00e1bb\u00edt\u00f3s talpnak, ekkor m\u00e1r biztos volt, hogy lesz itt k\u00e9zzel varr\u00e1s is b\u0151ven. A gerincvarr\u00e1st eltakar\u00f3, \u00e9s \u00a0k\u00f6rben a szeg\u00e9st is, mindk\u00e9t oldalon apr\u00f3, l\u00e1thatatlan \u00f6lt\u00e9sekkel er\u0151s\u00edtettem fel, mert a g\u00e9pem itt m\u00e1r besztr\u00e1jkolt er\u0151sen.<\/p>\r\n<p style=\"text-align: center\"><a href=\"https:\/\/tvzs.cafeblog.hu\/files\/2014\/02\/l\u00f33.jpg\"><img class=\"alignnone wp-image-2708 size-full\" src=\"https:\/\/tvzs.cafeblog.hu\/files\/2014\/02\/l\u00f33.jpg\" alt=\"l\u00f33\" width=\"347\" height=\"400\" \/><\/a><\/p>\r\n<p style=\"text-align: center\">A v\u00e9g\u00e9re hagytam a r\u00f6gz\u00edt\u00e9shez sz\u00fcks\u00e9ges p\u00e1ntok felvarr\u00e1s\u00e1t, h\u00e1t beleizzadtunk rendesen, t\u00f6bb t\u0171 is b\u00e1nta, mire elk\u00e9sz\u00fclt. L\u00e9p\u00e9sben haladgattunk egyenk\u00e9nt \u00f6ltve, Janka s\u00edpolt, hogy nem akarja, \u00e9n biztattam, hogy menni fog az...<\/p>\r\n<p style=\"text-align: center\"><a href=\"https:\/\/tvzs.cafeblog.hu\/files\/2014\/02\/l\u00f35.jpg\"><img class=\"alignnone wp-image-2710 size-full\" src=\"https:\/\/tvzs.cafeblog.hu\/files\/2014\/02\/l\u00f35.jpg\" alt=\"l\u00f35\" width=\"400\" height=\"286\" \/><\/a><\/p>\r\n<div>\u00a0<\/div>\r\n<p>Mik\u00f6zben ezt varrtam el-el \u00e1br\u00e1ndoztam, hogy egyszer majd, varrok egy sz\u00e9pen t\u0171z\u00f6tt kisasszonyos romantikusat, csak \u00fagy szerelemb\u0151l... De csak halkan mondom mert, lehet nem \u00e1llna sz\u00f3ba velem a g\u00e9pem ha ezt hallan\u00e1, el\u00e9gg\u00e9 stresszelte ez a munka :)<\/p>\r\n<div>\u00a0<\/div>","type":"rich","thumbnail_url":"https:\/\/tvzs.cafeblog.hu\/files\/2014\/02\/l\u00f3-150x150.jpg","thumbnail_width":150,"thumbnail_height":150}

Tűvarázslat

Teési-Vass Zsuzsanna

A lónak is kell egy...

<div> </div>
<p style="text-align: center"><a href="https://tvzs.cafeblog.hu/files/2014/02/ló.jpg"><img class="alignnone wp-image-2705 size-full" src="https://tvzs.cafeblog.hu/files/2014/02/ló.jpg" alt="ló" width="400" height="182" /></a></p>
<p style="text-align: center">A legnagyobb kihívás mindig abban van, amit az ember még nem csinált. Persze az mindegy, hogy amit varrunk az milyen alakú, vagy mi a funkciója, de az elkészítése mégis sokszor speciális kell, hogy legyen.<br /> Így voltam ezzel a lótakaróval is, a vatelin ugye nem elég bélésnek, mert hamar lelapul, nincs elég jó tartása. Ezt a problémát hamar kilőttem, hisz nem sokkal a megrendelés előtt kaptam egy gyapjú derékaljat, amit szétszedhettem erre a célra.</p>
<p style="text-align: center"><a href="https://tvzs.cafeblog.hu/files/2014/02/ló2.jpg"><img class="alignnone wp-image-2707 size-full" src="https://tvzs.cafeblog.hu/files/2014/02/ló2.jpg" alt="ló2" width="400" height="268" /></a></p>
<p style="text-align: center">A felületének erősnek kell lenni, hogy bírja a megpróbáltatásokat, na és kéknek, mert ennek a lónak kékek a színei. Ez is egyszerű, hisz ami erős és kék is, az a farmeranyag. A hátlaphoz sem jó a szokványos vékony vászon, mert az hamar kikopik, a lószőrtől. Erre találtam olyan erős vásznat, amit a kárpitosok használnak hátlapozáshoz. Mire idáig eljutottam, már sejtettem, hogy problémák lesznek az összeállításakor a vastagsága miatt.</p>
<p style="text-align: center"><a href="https://tvzs.cafeblog.hu/files/2014/02/ló4.jpg"><img class="alignnone wp-image-2709 size-full" src="https://tvzs.cafeblog.hu/files/2014/02/ló4.jpg" alt="ló4" width="400" height="292" /></a></p>
<div> </div>
<p style="text-align: center">Az ívelt forma kialakítása papírra varrva könnyebben ment, mint gondoltam. Miután a formája kialakult hátulról ragasztós vászonnal erősítettem meg. A farmer anyag és a bordűr közé természetesen kéder is került, egy nagy mintás anyagból, hogy szép színes legyen.</p>
<p style="text-align: center"><a href="https://tvzs.cafeblog.hu/files/2014/02/ló1.jpg"><img class="alignnone wp-image-2706 size-full" src="https://tvzs.cafeblog.hu/files/2014/02/ló1.jpg" alt="ló1" width="400" height="282" /></a></p>
<p style="text-align: center">A steppelésben jó hasznát vettem a felső anyagtovábbítós talpnak, ekkor már biztos volt, hogy lesz itt kézzel varrás is bőven. A gerincvarrást eltakaró, és  körben a szegést is, mindkét oldalon apró, láthatatlan öltésekkel erősítettem fel, mert a gépem itt már besztrájkolt erősen.</p>
<p style="text-align: center"><a href="https://tvzs.cafeblog.hu/files/2014/02/ló3.jpg"><img class="alignnone wp-image-2708 size-full" src="https://tvzs.cafeblog.hu/files/2014/02/ló3.jpg" alt="ló3" width="347" height="400" /></a></p>
<p style="text-align: center">A végére hagytam a rögzítéshez szükséges pántok felvarrását, hát beleizzadtunk rendesen, több tű is bánta, mire elkészült. Lépésben haladgattunk egyenként öltve, Janka sípolt, hogy nem akarja, én biztattam, hogy menni fog az...</p>
<p style="text-align: center"><a href="https://tvzs.cafeblog.hu/files/2014/02/ló5.jpg"><img class="alignnone wp-image-2710 size-full" src="https://tvzs.cafeblog.hu/files/2014/02/ló5.jpg" alt="ló5" width="400" height="286" /></a></p>
<div> </div>
<p>Miközben ezt varrtam el-el ábrándoztam, hogy egyszer majd, varrok egy szépen tűzött kisasszonyos romantikusat, csak úgy szerelemből... De csak halkan mondom mert, lehet nem állna szóba velem a gépem ha ezt hallaná, eléggé stresszelte ez a munka :)</p>
<div> </div>

https://tvzs.cafeblog.hu/files/2014/02/ló-150x150.jpg
